culate q(-3).
-8
Let f(b) = -2*b**2 - 6*b + 16. Give f(3).
-20
Let a(n) = -n**3 - 11*n**2 + n + 16. Give a(-11).
5
Let t(n) = -n - 26. Determine t(-22).
-4
Let g(u) = u**3 - 4*u**2 - 13*u. Calculate g(6).
-6
Let r(m) = -2*m - 45. Determine r(-21).
-3
Let u(n) = -n**2 + 7*n + 69. Give u(13).
-9
Let f(u) = -2*u - 20. Give f(-11).
2
Let u(p) = -p**3 - 5*p**2 + 17*p + 6. Give u(-7).
-15
Let v(r) = r**2 - 25*r + 133. What is v(11)?
-21
Let b(p) = -p - 9. Give b(-18).
9
Let h(z) = -3*z**2 - 12*z - 2. Give h(-4).
-2
Let z(r) = 2*r**2 + 17*r + 15. Calculate z(-8).
7
Let a(z) = -z + 15. Determine a(-7).
22
Let j(f) = 35*f - 66. Give j(2).
4
Let o(f) = -81*f + 163. Calculate o(2).
1
Let l(g) = -g**2 - 8*g + 7. Give l(-8).
7
Let n(f) = -19*f + 32. Give n(2).
-6
Let s(r) = r**3 - 41*r**2 - 135*r + 109. Calculate s(44).
-23
Let g(h) = h**2 - 4*h + 3. What is g(3)?
0
Let p(q) = q**2 + 2*q - 64. What is p(-9)?
-1
Let g(y) = -5*y + 2. Give g(-11).
57
Let y(z) = 2*z + 77. Calculate y(-36).
5
Let d(k) = -k + 4. Give d(9).
-5
Let s(r) = 51*r + 1. Give s(1).
52
Let o(y) = y + 10. Give o(-5).
5
Let g(q) = -2*q - 2. What is g(2)?
-6
Let y(w) = 6*w - 15. Give y(6).
21
Let g(m) = 22*m - 8. Calculate g(-7).
-162
Let j(p) = 2*p**2 + 7*p + 1. Calculate j(-3).
-2
Let k(p) = -p - 10. Determine k(7).
-17
Let l(k) = -2*k - 10. What is l(-10)?
10
Let i(c) = c**3 + 10*c**2 + 13*c + 127. Determine i(-10).
-3
Let w(i) = 10*i**2 + 2*i - 18. Give w(3).
78
Let r(s) = -18*s**3 - s**2 + 2*s - 1. Calculate r(1).
-18
Let i(b) = -2*b**2 - 19*b + 35. What is i(-11)?
2
Let f(v) = v**2 - 3*v - 1. Determine f(5).
9
Let l(u) = 3*u - 5. What is l(0)?
-5
Let c(h) = -15*h + 119. What is c(8)?
-1
Let u(m) = -m**2 - 25*m - 92. Determine u(-20).
8
Let i(r) = -4*r - 3. Calculate i(-7).
25
Let n(v) = 5*v + 22. Determine n(-3).
7
Let y(k) = 7*k - 97. Calculate y(16).
15
Let c(j) = -j**2 - 11*j. Calculate c(-14).
-42
Let g(a) = a**3 - 7*a**2 - 19*a + 15. Calculate g(9).
6
Let h(t) = 10*t - 53. Determine h(6).
7
Let o(g) = 36*g + 5. Determine o(-1).
-31
Let v(g) = 8*g + 2. What is v(-2)?
-14
Let a(h) = 7*h + 39. Give a(-4).
11
Let w(p) = -8*p + 11. Give w(-14).
123
Let j(u) = -u**3 - u**2 + 38*u + 18. What is j(6)?
-6
Let h(w) = w**3 - 22*w**2 - 21*w - 52. What is h(23)?
-6
Let b(w) = 2*w - 15. Determine b(20).
25
Let h(i) = i**2 - 47*i - 380. Give h(54).
-2
Let q(j) = -3*j**3 + j**2 + 3*j + 2. Calculate q(-2).
24
Let v(i) = -2*i + 10. Give v(13).
-16
Let t(m) = m**2 + 13*m + 23. Calculate t(-11).
1
Let k(s) = 2*s + 4. Calculate k(3).
10
Let r(c) = c**3 - c - 25. Determine r(0).
-25
Let l(u) = -u**2 + 17*u - 13. Determine l(11).
53
Let f(q) = -2*q**2 + 6*q - 2. Calculate f(-3).
-38
Let j(d) = -d**2 + 17*d - 23. Calculate j(17).
-23
Let a(s) = s**2 - s - 15. Determine a(4).
-3
Let z(a) = 17*a + 8. Give z(-3).
-43
Let p(w) = w**2 - 7*w - 5. Give p(8).
3
Let n(m) = -m**2 - 46*m - 236. Give n(-6).
4
Let s(i) = -i**3 - 2*i**2 + 3. What is s(-2)?
3
Let l(o) = -30*o + 7. Give l(4).
-113
Let a(x) = -18*x + 1. Give a(3).
-53
Let s(c) = -6*c**3 - c**2 - 2*c - 2. Give s(-1).
5
Let n(f) = 2*f - 38. What is n(16)?
-6
Let z(q) = q**3 + 9*q**2 - 8*q + 10. Give z(-10).
-10
Let u(d) = -10*d - 123. What is u(-12)?
-3
Let l(y) = -5*y - 2. Determine l(2).
-12
Let n(p) = -p**3 + 8*p**2 - p - 4. Calculate n(6).
62
Let o(h) = 2*h**2 - 11*h + 29. Calculate o(6).
35
Let o(j) = -4*j**3 - 7*j**2 + 2*j + 10. Determine o(-4).
146
Let m(q) = -2*q + 57. What is m(8)?
41
Let l(j) = j**3 + 28*j**2 + 29*j + 80. Determine l(-27).
26
Let t(d) = -3*d**3 - 25*d**2 + 22*d + 25. Calculate t(-9).
-11
Let q(f) = f**3 - f**2 - 7*f + 19. Give q(6).
157
Let z(d) = -d**3 + 11*d**2 - 23*d + 29. What is z(8)?
37
Let z(d) = -22*d**3 - 2*d**2 - 3*d - 1. Calculate z(-1).
22
Let g(j) = 9*j + 244. Give g(-27).
1
Let l(n) = 2*n - 18. Determine l(7).
-4
Let u(t) = -2*t + 43. Determine u(22).
-1
Let n(k) = -k**2 + 36*k - 174. What is n(30)?
6
Let y(p) = p**3 + 2*p**2 - 15*p + 21. Calculate y(2).
7
Let a(m) = m**3 + 12*m**2 + 14*m + 15. Give a(-11).
-18
Let z(h) = -5*h - 2. Give z(-5).
23
Let l(t) = -t**3 + 11*t**2 - 10*t + 11. Calculate l(10).
11
Let t(b) = 2*b**2 + 9*b + 2. Calculate t(-5).
7
Let y(l) = 5*l**3 - 2*l**2 - 4*l - 1. Calculate y(-1).
-4
Let w(b) = b**3 - 11*b**2 + 8*b - 12. What is w(10)?
-32
Let l(y) = y**3 - y**2 + y + 8. Calculate l(0).
8
Let l(h) = -3*h + 2. Determine l(-3).
11
Let o(l) = -l**3 + 3*l**2 + l - 2. Calculate o(3).
1
Let p(n) = 2*n**3 + 2*n**2 - 6. Give p(2).
18
Let f(g) = -19*g - 1. Calculate f(1).
-20
Let x(h) = -8*h + 12. What is x(2)?
-4
Let x(p) = -p**2 - 8*p + 66. Give x(5).
1
Let n(j) = 29*j + 114. Give n(-4).
-2
Let l(f) = 2*f**3 - 4*f**2 + f + 2. What is l(2)?
4
Let h(l) = 196*l - 20. Give h(1).
176
Let i(v) = 2*v**3 - 4*v**2 - v + 2. Calculate i(3).
17
Let f(u) = -u**3 + 3*u**2 + 8*u + 9. Give f(4).
25
Let g(b) = 17*b - 276. Give g(16).
-4
Let f(o) = o**2 - 3*o + 5. Calculate f(2).
3
Let t(v) = -v**3 + 11*v**2 - 6*v + 74. What is t(11)?
8
Let w(d) = 75*d**3 + 2*d**2 + 2*d + 1. Calculate w(-1).
-74
Let o(z) = -z**2 - 6*z + 16. Calculate o(-6).
16
Let h(k) = 2*k**3 - 18*k**2 + k - 5. Give h(9).
4
Let p(f) = -3*f + 1. Give p(2).
-5
Let n(l) = -53*l - 104. Determine n(-2).
2
Let m(q) = -61*q + 123. Give m(2).
1
Let w(j) = 8*j + 1. What is w(0)?
1
Let f(d) = d**2 + 32*d - 3. What is f(-26)?
-159
Let n(t) = -t**2 + 12*t - 28. Calculate n(8).
4
Let p(h) = -h**3 + 12*h**2 + 14*h - 19. What is p(13)?
-6
Let n(x) = 9*x**2 - 46*x + 1. Calculate n(5).
-4
Let x(f) = 2*f**2 - 37*f + 153. Give x(6).
3
Let n(f) = 6*f + 35. What is n(-6)?
-1
Let r(n) = n**2 + 10*n + 8. What is r(-6)?
-16
Let h(u) = u**3 + 2*u**2 - 4*u + 2. What is h(-3)?
5
Let j(t) = 25*t + 42. Calculate j(-3).
-33
Let k(w) = -2*w**2 - 12*w. Give k(-7).
-14
Let p(f) = -3*f**2 + 2*f + 18. Calculate p(4).
-22
Let j(t) = t**2 + 9*t - 20. Calculate j(-11).
2
Let v(r) = 2*r - 26. What is v(3)?
-20
Let j(f) = 8*f**2 + f - 3. Give j(3).
72
Let g(v) = v**2 + 18*v - 209. Determine g(8).
-1
Let x(v) = -18*v**3 + 4*v**2 - 3*v. What is x(1)?
-17
Let w(l) = 2*l**2 + 32*l + 64. Give w(-14).
8
Let h(y) = -6*y + 31. Determine h(9).
-23
Let b(c) = c**2 + 66. Determine b(0).
66
Let s(w) = -w**2 - 9*w + 11. Calculate s(5).
-59
Let u(c) = c**2 + 29*c + 116. Give u(-26).
38
Let r(u) = -8*u - 5. Determine r(-7).
51
Let z(t) = -6*t - 38. Give z(-6).
-2
Let h(i) = i**2 - 3*i - 27. Calculate h(10).
43
Let b(g) = -52*g + 883. What is b(17)?
-1
Let n(k) = k**3 - 8*k**2 - 19*k - 15. What is n(10)?
-5
Let t(h) = -h**3 + 5*h**2 + 5*h - 25. Give t(5).
0
Let s(j) = -j**2 + 22*j + 27. Determine s(23).
4
Let d(g) = -g**2 + 7*g - 21. Determine d(7).
-21
Let p(w) = 2*w**3 + 13*w**2 + 4*w - 10. Determine p(-6).
2
Let b(c) = -c**3 + 15*c**2 - 51*c + 3. Determine b(10).
-7
Let w(h) = h**3 + 14*h**2 + 23*h - 17. What is w(-12)?
-5
Let j(b) = 3*b + 1. Calculate j(-2).
-5
Let m(r) = 2*r**2 + 20*r - 284. What is m(8)?
4
Let d(c) = c**3 - 9*c**2 + 7*c + 11. Determine d(8).
3
Let h(m) = m**2 + 14*m + 4. What is h(-13)?
-9
Let f(g) = 12*g**2 + 2*g + 1. Determine f(-1).
11
Let b(l) = l**3 + 8*l**2 - 8*l - 5. Determine b(-9).
-14
Let b(o) = -o**3 - 10*o**2 + 11*o - 1. Give b(-11).
-1
Let i(a) = a - 6. Give i(-5).
-11
Let z(c) = 20*c + 1. Calculate z(-2).
-39
Let c(g) = g**3 - g**2 - 3*g - 3. Calculate c(4).
33
Let z(p) = -p**2 - 8*p - 7. What is z(-7)?
0
Let l(v) = 4*v**3 + 2*v**2 + v - 2. Calculate l(-2).
-28
Let f(t) = 2*t**2 - 9*t - 179. Determine f(12).
1
Let y(f) = f**2 - 8*f - 18. Calculate y(13).
47
Let n(w) = w**3 + w**2 - 3*w - 7. Calculate n(-2).
-5
Let m(a) = a**3 - 7*a**2 + 6*a - 30. Calculate m(7).
12
Let g(t) = -6*t**3 - t + 2. What is g(-2)?
52
Let f(g) = -g**3 + 5*g**2 + 5*g + 1. Give f(6).
-5
Let k(r) = r - 7. Calculate k(5).
-2
Let c(l) = l**3 - 19*l**2 - 18*l - 60. What is c(20)?
-20
Let q(f) = 56*f + 26. What is q(-1)?
-30
Let x(h) = -h - 10. Give x(3).
-13
Let u(d) = d**2 - 5*d - 6. Determine u(8).
18
Let n(r) = -10*r. What is n(1)?
-10
Let a(n) = -n**2 + 9*n + 75. Calculate a(14).
5
Let c(o) = 14*o - 1. Calculate c(-1).
-15
Let q(y) = y**3 - 10*y**2 + 10*y - 13. What is q(9)?
-4
Let m(h) = h + 15. What is m(-8)?
7
Let j(k) = k**3 + 5*k**2 - 5*k + 37. What is j(-7)?
-26
Let j(b) = -3*b**